t are the prime factors of 7150?
2, 5, 11, 13
What are the prime factors of 24936?
2, 3, 1039
What are the prime factors of 2023?
7, 17
What are the prime factors of 6402?
2, 3, 11, 97
What are the prime factors of 979?
11, 89
List the prime factors of 993.
3, 331
What are the prime factors of 18755?
5, 11, 31
What are the prime factors of 7442?
2, 61
List the prime factors of 20581.
11, 1871
What are the prime factors of 3107?
13, 239
What are the prime factors of 7092?
2, 3, 197
List the prime factors of 87520.
2, 5, 547
What are the prime factors of 1139?
17, 67
What are the prime factors of 149636?
2, 37409
List the prime factors of 2198.
2, 7, 157
List the prime factors of 1811.
1811
List the prime factors of 657.
3, 73
What are the prime factors of 4094?
2, 23, 89
List the prime factors of 643.
643
List the prime factors of 7588.
2, 7, 271
What are the prime factors of 6348?
2, 3, 23
List the prime factors of 8289.
3, 307
What are the prime factors of 19398?
2, 3, 53, 61
List the prime factors of 6132.
2, 3, 7, 73
List the prime factors of 4978.
2, 19, 131
List the prime factors of 38881.
59, 659
List the prime factors of 318.
2, 3, 53
List the prime factors of 26126.
2, 13063
List the prime factors of 301.
7, 43
What are the prime factors of 3679?
13, 283
What are the prime factors of 2944?
2, 23
List the prime factors of 211.
211
List the prime factors of 74756.
2, 11, 1699
List the prime factors of 1076.
2, 269
What are the prime factors of 15080?
2, 5, 13, 29
What are the prime factors of 7491?
3, 11, 227
What are the prime factors of 12950?
2, 5, 7, 37
What are the prime factors of 24881?
139, 179
List the prime factors of 27467.
11, 227
What are the prime factors of 10473?
3, 3491
List the prime factors of 2406.
2, 3, 401
What are the prime factors of 2229?
3, 743
List the prime factors of 52358.
2, 47, 557
What are the prime factors of 27029?
151, 179
List the prime factors of 2267.
2267
What are the prime factors of 888?
2, 3, 37
List the prime factors of 29526.
2, 3, 7, 19, 37
What are the prime factors of 56543?
56543
What are the prime factors of 6238?
2, 3119
What are the prime factors of 4904?
2, 613
List the prime factors of 3134.
2, 1567
List the prime factors of 4299.
3, 1433
What are the prime factors of 1327?
1327
List the prime factors of 126522.
2, 3, 11, 71
What are the prime factors of 22351?
7, 31, 103
List the prime factors of 121649.
11, 11059
What are the prime factors of 7145?
5, 1429
What are the prime factors of 10414?
2, 41, 127
List the prime factors of 644.
2, 7, 23
What are the prime factors of 4716?
2, 3, 131
List the prime factors of 4879.
7, 17, 41
List the prime factors of 6632.
2, 829
What are the prime factors of 398?
2, 199
List the prime factors of 69287.
193, 359
What are the prime factors of 33887?
7, 47, 103
What are the prime factors of 19929?
3, 7, 13, 73
What are the prime factors of 44618?
2, 7, 3187
What are the prime factors of 630?
2, 3, 5, 7
What are the prime factors of 1963?
13, 151
What are the prime factors of 36573?
3, 73, 167
What are the prime factors of 5832?
2, 3
List the prime factors of 444.
2, 3, 37
What are the prime factors of 1479?
3, 17, 29
List the prime factors of 1089.
3, 11
List the prime factors of 19311.
3, 41, 157
List the prime factors of 101.
101
List the prime factors of 1075.
5, 43
List the prime factors of 600.
2, 3, 5
List the prime factors of 428.
2, 107
What are the prime factors of 3977?
41, 97
What are the prime factors of 325?
5, 13
What are the prime factors of 37060?
2, 5, 17, 109
List the prime factors of 35418.
2, 3, 5903
What are the prime factors of 3150?
2, 3, 5, 7
What are the prime factors of 1425?
3, 5, 19
What are the prime factors of 14212?
2, 11, 17, 19
List the prime factors of 3637.
3637
List the prime factors of 551.
19, 29
What are the prime factors of 17786?
2, 8893
What are the prime factors of 81?
3
List the prime factors of 575.
5, 23
What are the prime factors of 6661?
6661
What are the prime factors of 7244?
2, 1811
List the prime factors of 5269.
11, 479
What are the prime factors of 4717?
53, 89
What are the prime factors of 1425?
3, 5, 19
List the prime factors of 1572.
2, 3, 131
What are the prime factors of 103397?
7, 14771
What are the prime factors of 137654?
2, 11, 6257
List the prime factors of 327.
3, 109
What are the prime factors of 3054?
2, 3, 509
What are the prime factors of 122864?
2, 7, 1097
List the prime factors of 47804.
2, 17, 19, 37
List the prime factors of 31772.
2, 13, 47
List the prime factors of 71487.
3, 13, 47
What are the prime factors of 582?
2, 3, 97
List the prime factors of 911.
911
List the prime factors of 104043.
3, 79, 439
What are the prime factors of 4118?
2, 29, 71
What are the prime factors of 72411?
3, 24137
What are the prime factors of 968?
2, 11
What are the prime factors of 5774?
2, 2887
What are the prime factors of 666?
2, 3, 37
What are the prime factors of 2928?
2, 3, 61
What are the prime factors of 8074?
2, 11, 367
What are the prime factors of 49096?
2, 17, 19
What are the prime factors of 86588?
2, 21647
List the prime factors of 9225.
3, 5, 41
What are the prime factors of 27951?
3, 7, 11
What are the prime factors of 4469?
41, 109
What are the prime factors of 50309?
7, 7187
What are the prime factors of 28715?
5, 5743
List the prime factors of 9114.
2, 3, 7, 31
List the prime factors of 82207.
82207
List the prime factors of 2965.
5, 593
What are the prime factors of 87228?
2, 3, 2423
What are the prime factors of 2345?
5, 7, 67
List the prime factors of 3380.
2, 5, 13
List the prime factors of 327.
3, 109
What are the prime factors of 100055?
5, 20011
What are the prime factors of 3307?
3307
List the prime factors of 5120.
2, 5
What are the prime factors of 45995?
5, 9199
What are the prime factors of 4533?
3, 1511
What are the prime factors of 124?
2, 31
List the prime factors of 2359.
7, 337
List the prime factors of 4834.
2, 2417
What are the prime factors of 1289?
1289
List the prime factors of 14116.
2, 3529
List the prime factors of 496.
2, 31
List the prime factors of 885.
3, 5, 59
What are the prime factors of 19777?
19777
List the prime factors of 1418.
2, 709
What are the prime factors of 7843?
11, 23, 31
What are the prime factors of 14826?
2, 3, 7, 353
List the prime factors of 871.
13, 67
List the prime factors of 4848.
2, 3, 101
List the prime factors of 16496.
2, 1031
List the prime factors of 1214.
2, 607
What are the prime factors of 1404?
2, 3, 13
What are the prime factors of 1650?
2, 3, 5, 11
What are the prime factors of 12786?
2, 3, 2131
What are the prime factors of 42466?
2, 17, 1249
What are the prime factors of 35383?
41, 863
What are the prime factors of 34706?
2, 7, 37, 67
What are the prime factors of 27277?
27277
What are the prime factors of 6966?
2, 3, 43
List the prime factors of 21450.
2, 3, 5, 11, 13
List the prime factors of 472.
2, 59
What are the prime factors of 9245?
5, 43
What are the prime factors of 6?
2, 3
List the prime factors of 12112.
2, 757
What are the prime factors of 15371?
19, 809
List the prime factors of 12950.
2, 5, 7, 37
What are the prime factors of 15820?
2, 5, 7, 113
What are the prime factors of 10443?
3, 59
List the prime factors of 26749.
23, 1163
What are the prime factors of 3707?
11, 337
What are the prime factors of 45075?
3, 5, 601
List the prime factors of 66330.
2, 3, 5, 11, 67
What are the prime factors of 845?
5, 13
List the prime factors of 11485.
5, 2297
What are the prime factors of 5312?
2, 83
What are the prime factors of 969?
3, 17, 19
List the prime factors of 25418.
2, 71, 179
What are the prime factors of 19681?
19681
What are the prime factors of 468?
2, 3, 13
List the prime factors of 69262.
2, 34631
What are the prime factors of 92685?
3, 5, 37, 167
What are the prime factors of 43454?
2, 21727
List the prime factors of 1657.
1657
What are the prime factors of 129071?
337, 383
What are the prime factors of 789?
3, 263
List the prime factors of 923.
13, 71
What are the prime factors of 15698?
2, 47, 167
What are the prime factors of 19006?
2, 13, 17, 43
What are the prime factors of 9568?
2, 13, 23
What are the prime factors of 2501?
41, 61
List the prime factors of 118.
2, 59
What are 